culate the remainder when m is divided by r.
31
Calculate the remainder when 65 is divided by (12 - 9)/9*(56 + 1).
8
Calculate the remainder when 72 is divided by 5 - (16*-1)/(5/10).
35
Let z(s) = -s**3 - 10*s**2 - s - 10. Let c be z(-10). Suppose c = j - 4*p - 62, 6*j + 2*p = 7*j - 60. What is the remainder when j is divided by 15?
13
Let g(z) = -2*z**2 + 36*z - 30. Let a = 19 + -11. Calculate the remainder when a is divided by g(17).
0
Let p(z) = -24*z - 53. Calculate the remainder when 25 is divided by p(-3).
6
Let z(i) = -232*i + 83. What is the remainder when z(-2) is divided by 55?
52
Let p = -69 + 84. Calculate the remainder when 56 is divided by p.
11
Let m = 88 + -24. Suppose -g + t + m = 15, 5*g - 3*t - 251 = 0. Calculate the remainder when g is divided by 9.
7
Suppose 0 = 5*n - 3*p - 373, -n - 3*p + 219 = 2*n. Let t be (6/(-9))/((-4)/1026). Calculate the remainder when n is divided by ((-2)/3)/((-6)/t).
17
Let g = 552 + -534. What is the remainder when 83 is divided by g?
11
Let l be (2 - (-14)/(-4))*-2. Let d = 7 - l. Suppose -d*u + 39 = -41. Calculate the remainder when u is divided by 11.
9
Suppose -3*t = 4*v - 7, 3*v + 2*v + 43 = 2*t. Calculate the remainder when 96 is divided by t.
6
Let i be (2/(-4))/((-2)/(-96)). Let a = 2 + i. Let q = a - -43. Calculate the remainder when 82 is divided by q.
19
Suppose 0 = -5*a + 4*a. Let c be (-2 - (2 - a))*-1. Suppose -10 = -f - f, -c*g = f - 45. What is the remainder when g is divided by 6?
4
Let p = 618 - -523. Calculate the remainder when p is divided by 8.
5
Let w = 22 - 19. Let g be 20*(w/(-3))/(-4). Suppose 2*d - g*d = -93. What is the remainder when d is divided by 8?
7
Let a = 3 - -5. Suppose 12*j - a*j = 56. What is the remainder when 24 is divided by j?
10
Suppose -2*m + 302 = 4*p - 78, -m = -5*p - 169. Let z = m - 103. What is the remainder when z is divided by 17?
13
Suppose -h + 5*h + 572 = -4*w, 0 = -3*w + 3*h - 459. Let x = -104 - w. What is the remainder when x is divided by 12?
8
Suppose k = -2*k + 42. Suppose 4*p + 61 = -5*h, 2*h + 14 = -2*p - 14. What is the remainder when 32 is divided by k + (-5)/(15/p)?
15
Let a = 0 - -4. Suppose -g - 2*x = -145, 3*x + 2*x - 10 = 0. Suppose g = -s + a*s. What is the remainder when s is divided by 24?
23
Suppose 7*n + 1033 = -52. Calculate the remainder when 58 is divided by ((-4)/2 + 0)*n/10.
27
Suppose -4*f + 596 = -4*q, 3*f - 7*f = 4*q - 596. Calculate the remainder when f is divided by 9.
5
Suppose 244 + 284 = 12*d. Calculate the remainder when d is divided by (0 - -1)*-1 + 17.
12
Let u = 57 - 55. Let f(h) = h - 1. Let b be f(4). Suppose -b*m = -4*m + 4. Calculate the remainder when m is divided by u.
0
Let x(s) = s**3 - 8*s**2 - 17*s + 21. What is the remainder when x(10) is divided by 13?
12
Let o be (-2)/4*-6*(-7 + 8). Suppose -35 = -c + o*u, -c + 2*c + 2*u - 55 = 0. Calculate the remainder when c is divided by 3.
2
Let h(c) = c**3 + 3*c**2 + 2*c - 2. Let j be h(-2). Let i = 6 + j. What is the remainder when i is divided by 4?
0
Suppose 0 = -5*l + 15 + 60. Let u be 315/12 + (9/(-12))/3. Let y = -17 + u. Calculate the remainder when l is divided by y.
6
Suppose 93 = v + 100. Let h = 27 - v. What is the remainder when 63 is divided by h?
29
Suppose -7 = 5*m - 6*m. Let r(b) = b + 5. Calculate the remainder when ((-92)/(-12))/((-2)/(-6)) is divided by r(m).
11
Let k be 162/(-4) + 1/(-2). Let h = -193 + 251. Let m = h + k. Calculate the remainder when 49 is divided by m.
15
Let v(c) = -c**2 - 21*c + 46. Calculate the remainder when v(-16) is divided by 74.
52
Suppose 0*y = 6*y + 24. Let u = 0 - y. What is the remainder when 1 + 6*(1 + 1) is divided by u?
1
Suppose 292*t - 293*t = -51. Calculate the remainder when t is divided by 4.
3
Let x be 69*(5 - (-42)/(-9)). Suppose 3*r + 1040 = x*r. Suppose -2*a = 3*o - 2*o - 8, -4*o + 59 = -a. Calculate the remainder when r is divided by o.
10
Let h = -571 - -670. Calculate the remainder when h is divided by 28.
15
Calculate the remainder when 207 is divided by 2/(-4) - 1*(-53)/2.
25
Calculate the remainder when 408*18/9 - 9 is divided by 27.
24
Let w = 17 + 50. What is the remainder when w is divided by 4?
3
Let u be (174/(-2))/((-27)/36). Suppose u - 19 = 5*v + 3*y, -3*v + 43 = -2*y. Calculate the remainder when v is divided by 4.
1
Suppose -6*b + 43 + 23 = 0. Suppose -b*y = -609 - 84. Calculate the remainder when y is divided by 22.
19
Let p = -407 - -751. Calculate the remainder when p is divided by 9.
2
Suppose 9 = 5*j - 2*f, 4*f + 8 = -2*j + 2. Calculate the remainder when 45 is divided by j.
0
Suppose -12*v = -15*v + 45. Suppose -24 - v = -3*m. What is the remainder when 87 is divided by m?
9
Suppose -1728 = 240*u - 246*u. Calculate the remainder when u is divided by 29.
27
What is the remainder when (3 + 0 - 0)*(-374)/(-6) is divided by 9?
7
Suppose -351 = -4*b - z, -b + 8*z - 12*z = -84. Calculate the remainder when b is divided by 9.
7
Let y be (48/10)/((-15)/250). Suppose 5*k - 434 = -2*v + 2*k, k + 868 = 4*v. Let a = v + y. Calculate the remainder when a is divided by 35.
32
Let q(j) = j + 13. Let o be q(-10). Suppose -o*v = 2*v + 220. Calculate the remainder when (v/6)/((-4)/12) is divided by 12.
10
Suppose 4*o + 3*r - 49 = 0, 5*r + 8 = 3. Calculate the remainder when 388 is divided by o.
11
Let z = 2 + 38. Let o = -29 + z. What is the remainder when o is divided by 4?
3
Let i(h) = h**3 - 12*h**2 - 4*h + 17. Let b(n) = 3*n**3 - 23*n**2 - 9*n + 34. Let o(m) = -2*b(m) + 5*i(m). What is the remainder when o(-14) is divided by 13?
6
Let d(q) = q**2 - 8*q + 5. Let a be d(-8). Let k = -74 + a. What is the remainder when k is divided by 15?
14
Suppose 8 = -7*y + 11*y, -3*y = t - 46. Calculate the remainder when 89 is divided by t.
9
Let x be (-8)/4 + (-2)/(-1). Suppose -12*b + 10*b + 40 = x. What is the remainder when b is divided by 6?
2
Let g(u) = 15*u - 1. Let o be (18 + -19)/((-1)/3). Suppose 0 = o*k + l + 3*l - 133, -3*k - 3*l = -129. Calculate the remainder when k is divided by g(1).
11
Let m = -35 - -582. Calculate the remainder when m is divided by 22.
19
Suppose y = g + 14, -5*y - 4*g + 41 = -38. Calculate the remainder when 266 is divided by y.
11
Suppose -23*x + 6*x + 527 = 0. What is the remainder when 1299 is divided by x?
28
Suppose 26*u - 8969 - 4265 = 0. What is the remainder when u is divided by 167?
8
Suppose 2*h - 3*s = 36, -h + 11 = s - 2. Let d = 137 + -112. Calculate the remainder when h/(-3)*148/(-10) is divided by d.
24
Let i(w) = w**2 + 2*w - 45. Calculate the remainder when i(-11) is divided by 14.
12
Suppose -5*y + 125 = 4*k, -4*y + 2*k + 126 = 26. Let n = 73 + 26. Calculate the remainder when n is divided by y.
24
Let q be ((-19)/(-2))/(4/8). Let x = q - 14. Suppose 5*r = 57 + 33. What is the remainder when r is divided by x?
3
Suppose -46*p = -49*p + 1296. What is the remainder when p is divided by 87?
84
Calculate the remainder when (-441)/(-28)*(-192)/(-56) is divided by (1/2)/((-3)/(-114)).
16
Let z(r) = r**3 + 11*r**2 + 20*r - 3. Suppose 0 = m + 4*y + 2 + 1, 0 = -4*m - 3*y - 25. Calculate the remainder when z(m) is divided by 14.
11
Let x(j) = -3*j**2 - 30*j + 14. Suppose 3*u - u + 20 = 0. Calculate the remainder when x(u) is divided by 0 + 4 + 0 + 0.
2
Suppose 4*c + 1 = 5*i, -c = -2*i - 3*i - 11. Let r be 4 + ((-6)/i - 1). Suppose -3*j - 74 = -r*j. Calculate the remainder when j is divided by 19.
18
Let i(d) = -d**2 + 14*d - 12. Calculate the remainder when 83 is divided by i(9).
17
What is the remainder when ((-4)/10)/(-2) - 11655/(-225) is divided by 4*-3*(-12)/8?
16
Suppose 24 + 41 = 5*u. Let g = u + 4. Suppose 4*s - 4*b = 4, s - 86 = 3*b - 93. What is the remainder when g is divided by s?
2
What is the remainder when 453 is divided by ((-3)/(-27)*3)/((-8)/(-1368))?
54
Let w(b) = b**2 - 4*b - 14. Let s be w(8). Calculate the remainder when 77 is divided by 2 + 1 + s + -1.
17
Suppose 57 = 2*y - 77. What is the remainder when y is divided by (-912)/(-64)*(2 + 8/(-12))?
10
Suppose 2*m + 2*k - 1260 = 0, 0 = 4*m - 5*k - 0*k - 2547. Suppose 164 = -7*a + m. What is the remainder when a is divided by 12?
7
Suppose -2*n + n - 2*p - 7 = 0, -4*n - 4*p = 32. Let x = n + 35. What is the remainder when x is divided by 9?
8
Let x(q) = q**2 + 17*q - 10. Calculat